{"id":109,"date":"2024-12-27T18:22:46","date_gmt":"2024-12-27T18:22:46","guid":{"rendered":"https:\/\/www.r-fest.cz\/?page_id=109"},"modified":"2026-04-15T15:13:44","modified_gmt":"2026-04-15T15:13:44","slug":"program","status":"publish","type":"page","link":"https:\/\/www.r-fest.cz\/index.php\/program\/","title":{"rendered":"Program"},"content":{"rendered":"<div class=\"wp-block-group alignfull has-background-background-color has-background is-layout-constrained wp-block-group-is-layout-constrained\" style=\"border-top-width:1px;margin-top:0;margin-bottom:0;padding-top:var(--wp--preset--spacing--50);padding-bottom:var(--wp--preset--spacing--60)\"><div class=\"wp-block-columns alignwide is-layout-flex wp-container-core-columns-is-layout-08c01c1c wp-block-columns-is-layout-flex\"><div class=\"wp-block-column is-vertically-aligned-stretch is-layout-flow wp-block-column-is-layout-flow\"><div class=\"wp-block-group is-vertical is-layout-flex wp-container-core-group-is-layout-0bc941e6 wp-block-group-is-layout-flex\" style=\"min-height:100%\"><h1 class=\"wp-block-heading\">R-fest 2026<\/h1>\n\n<div class=\"wp-block-group is-layout-constrained wp-block-group-is-layout-constrained\"><p style=\"margin-top:16px\">Nezapomenuteln\u00fd z\u00e1\u017eitek v srdci p\u0159\u00edrody. <\/p>\n\n<div class=\"wp-block-buttons is-layout-flex wp-container-core-buttons-is-layout-12dcd427 wp-block-buttons-is-layout-flex\" style=\"margin-top:var(--wp--preset--spacing--40)\"><div class=\"wp-block-button\"><a class=\"wp-block-button__link wp-element-button\" href=\"https:\/\/www.r-fest.cz\/index.php\/o-nas\/\">Kudy k n\u00e1m<\/a><\/div><\/div><\/div><\/div><\/div>\n\n<div class=\"wp-block-column is-layout-flow wp-block-column-is-layout-flow\"><figure class=\"wp-block-image size-large\"><img loading=\"lazy\" decoding=\"async\" width=\"724\" height=\"1024\" src=\"https:\/\/www.r-fest.cz\/wp-content\/uploads\/2024\/12\/rfest-2026-A3_v2-724x1024.webp\" alt=\"\" class=\"wp-image-1194\" style=\"aspect-ratio:1;object-fit:cover\" srcset=\"https:\/\/www.r-fest.cz\/wp-content\/uploads\/2024\/12\/rfest-2026-A3_v2-724x1024.webp 724w, https:\/\/www.r-fest.cz\/wp-content\/uploads\/2024\/12\/rfest-2026-A3_v2-212x300.webp 212w, https:\/\/www.r-fest.cz\/wp-content\/uploads\/2024\/12\/rfest-2026-A3_v2-768x1086.webp 768w, https:\/\/www.r-fest.cz\/wp-content\/uploads\/2024\/12\/rfest-2026-A3_v2-600x849.webp 600w, https:\/\/www.r-fest.cz\/wp-content\/uploads\/2024\/12\/rfest-2026-A3_v2.webp 842w\" sizes=\"auto, (max-width: 724px) 100vw, 724px\" \/><\/figure><\/div><\/div><\/div><p><\/p>","protected":false},"excerpt":{"rendered":"<p>R-fest 2026 Nezapomenuteln\u00fd z\u00e1\u017eitek v srdci p\u0159\u00edrody.<\/p>\n","protected":false},"author":2,"featured_media":0,"parent":0,"menu_order":0,"comment_status":"closed","ping_status":"closed","template":"","meta":{"footnotes":""},"class_list":["post-109","page","type-page","status-publish","hentry"],"_links":{"self":[{"href":"https:\/\/www.r-fest.cz\/index.php\/wp-json\/wp\/v2\/pages\/109","targetHints":{"allow":["GET"]}}],"collection":[{"href":"https:\/\/www.r-fest.cz\/index.php\/wp-json\/wp\/v2\/pages"}],"about":[{"href":"https:\/\/www.r-fest.cz\/index.php\/wp-json\/wp\/v2\/types\/page"}],"author":[{"embeddable":true,"href":"https:\/\/www.r-fest.cz\/index.php\/wp-json\/wp\/v2\/users\/2"}],"replies":[{"embeddable":true,"href":"https:\/\/www.r-fest.cz\/index.php\/wp-json\/wp\/v2\/comments?post=109"}],"version-history":[{"count":14,"href":"https:\/\/www.r-fest.cz\/index.php\/wp-json\/wp\/v2\/pages\/109\/revisions"}],"predecessor-version":[{"id":1197,"href":"https:\/\/www.r-fest.cz\/index.php\/wp-json\/wp\/v2\/pages\/109\/revisions\/1197"}],"wp:attachment":[{"href":"https:\/\/www.r-fest.cz\/index.php\/wp-json\/wp\/v2\/media?parent=109"}],"curies":[{"name":"wp","href":"https:\/\/api.w.org\/{rel}","templated":true}]}}

<div class="wp-block-group alignfull has-background-background-color has-background is-layout-constrained wp-block-group-is-layout-constrained" style="border-top-width:1px;margin-top:0;margin-bottom:0;padding-top:var(--wp--preset--spacing--50);padding-bottom:var(--wp--preset--spacing--60)"><div class="wp-block-columns alignwide is-layout-flex wp-container-core-columns-is-layout-08c01c1c wp-block-columns-is-layout-flex"><div class="wp-block-column is-vertically-aligned-stretch is-layout-flow wp-block-column-is-layout-flow"><div class="wp-block-group is-vertical is-layout-flex wp-container-core-group-is-layout-0bc941e6 wp-block-group-is-layout-flex" style="min-height:100%"><h1 class="wp-block-heading">R-fest 2026</h1>

<div class="wp-block-group is-layout-constrained wp-block-group-is-layout-constrained"><p style="margin-top:16px">Nezapomenutelný zážitek v srdci přírody. </p>

<div class="wp-block-buttons is-layout-flex wp-container-core-buttons-is-layout-12dcd427 wp-block-buttons-is-layout-flex" style="margin-top:var(--wp--preset--spacing--40)"><div class="wp-block-button"><a class="wp-block-button__link wp-element-button" href="https://www.r-fest.cz/index.php/o-nas/">Kudy k nám</a></div></div></div></div></div>

<div class="wp-block-column is-layout-flow wp-block-column-is-layout-flow"><figure class="wp-block-image size-large"><img loading="lazy" decoding="async" width="724" height="1024" src="https://www.r-fest.cz/wp-content/uploads/2024/12/rfest-2026-A3_v2-724x1024.webp" alt="" class="wp-image-1194" style="aspect-ratio:1;object-fit:cover" srcset="https://www.r-fest.cz/wp-content/uploads/2024/12/rfest-2026-A3_v2-724x1024.webp 724w, https://www.r-fest.cz/wp-content/uploads/2024/12/rfest-2026-A3_v2-212x300.webp 212w, https://www.r-fest.cz/wp-content/uploads/2024/12/rfest-2026-A3_v2-768x1086.webp 768w, https://www.r-fest.cz/wp-content/uploads/2024/12/rfest-2026-A3_v2-600x849.webp 600w, https://www.r-fest.cz/wp-content/uploads/2024/12/rfest-2026-A3_v2.webp 842w" sizes="auto, (max-width: 724px) 100vw, 724px" /></figure></div></div></div><p></p>

<p>R-fest 2026 Nezapomenutelný zážitek v srdci přírody.</p>
