{"id":86,"date":"2024-12-27T17:54:09","date_gmt":"2024-12-27T17:54:09","guid":{"rendered":"https:\/\/www.r-fest.cz\/?page_id=86"},"modified":"2025-01-17T08:33:07","modified_gmt":"2025-01-17T08:33:07","slug":"partneri","status":"publish","type":"page","link":"https:\/\/www.r-fest.cz\/index.php\/partneri\/","title":{"rendered":"Partne\u0159i"},"content":{"rendered":"<div class=\"wp-block-group is-content-justification-left is-layout-constrained wp-container-core-group-is-layout-7b80a102 wp-block-group-is-layout-constrained\"><h2 class=\"wp-block-heading\" style=\"border-style:none;border-width:0px;font-size:43px\">Partne\u0159i akce<\/h2>\n\n<div style=\"height:24px\" aria-hidden=\"true\" class=\"wp-block-spacer\"><\/div>\n\n<p class=\"has-medium-font-size\">Bez na\u0161ich partner\u016f bychom to nebyli my! Poj\u010fte se pod\u00edvat, kdo d\u011bl\u00e1 R-fest p\u0159esn\u011b takovou akc\u00ed, jak\u00e1 je!<\/p>\n\n<div style=\"height:100px\" aria-hidden=\"true\" class=\"wp-block-spacer\"><\/div><\/div><div class=\"wp-block-group alignfull has-background-background-color has-background is-layout-constrained wp-container-core-group-is-layout-edc50d90 wp-block-group-is-layout-constrained\" style=\"border-top-width:1px;padding-top:var(--wp--preset--spacing--60);padding-right:0;padding-bottom:var(--wp--preset--spacing--60);padding-left:0\"><figure class=\"wp-block-gallery alignwide has-nested-images columns-5 is-cropped wp-block-gallery-1 is-layout-flex wp-block-gallery-is-layout-flex\" style=\"padding-right:var(--wp--preset--spacing--40);padding-left:var(--wp--preset--spacing--40)\"><figure class=\"wp-block-image size-large\"><img loading=\"lazy\" decoding=\"async\" width=\"1080\" height=\"1080\" data-id=\"469\" src=\"https:\/\/www.r-fest.cz\/wp-content\/uploads\/2025\/01\/4-1024x1024.png\" alt=\"republica\" class=\"wp-image-469\" srcset=\"https:\/\/www.r-fest.cz\/wp-content\/uploads\/2025\/01\/4-1024x1024.png 1024w, https:\/\/www.r-fest.cz\/wp-content\/uploads\/2025\/01\/4-300x300.png 300w, https:\/\/www.r-fest.cz\/wp-content\/uploads\/2025\/01\/4-150x150.png 150w, https:\/\/www.r-fest.cz\/wp-content\/uploads\/2025\/01\/4-768x768.png 768w, https:\/\/www.r-fest.cz\/wp-content\/uploads\/2025\/01\/4-600x600.png 600w, https:\/\/www.r-fest.cz\/wp-content\/uploads\/2025\/01\/4-100x100.png 100w, https:\/\/www.r-fest.cz\/wp-content\/uploads\/2025\/01\/4.png 1080w\" sizes=\"auto, (max-width: 1080px) 100vw, 1080px\" \/><\/figure>\n\n<figure class=\"wp-block-image size-large\"><a href=\"https:\/\/www.stavo-trade.cz\" target=\"_blank\"><img loading=\"lazy\" decoding=\"async\" width=\"1024\" height=\"1024\" data-id=\"476\" src=\"https:\/\/www.r-fest.cz\/wp-content\/uploads\/2025\/01\/2-4-1024x1024.png\" alt=\"\" class=\"wp-image-476\" srcset=\"https:\/\/www.r-fest.cz\/wp-content\/uploads\/2025\/01\/2-4-1024x1024.png 1024w, https:\/\/www.r-fest.cz\/wp-content\/uploads\/2025\/01\/2-4-300x300.png 300w, https:\/\/www.r-fest.cz\/wp-content\/uploads\/2025\/01\/2-4-150x150.png 150w, https:\/\/www.r-fest.cz\/wp-content\/uploads\/2025\/01\/2-4-768x768.png 768w, https:\/\/www.r-fest.cz\/wp-content\/uploads\/2025\/01\/2-4-600x600.png 600w, https:\/\/www.r-fest.cz\/wp-content\/uploads\/2025\/01\/2-4-100x100.png 100w, https:\/\/www.r-fest.cz\/wp-content\/uploads\/2025\/01\/2-4.png 1080w\" sizes=\"auto, (max-width: 1024px) 100vw, 1024px\" \/><\/a><\/figure>\n\n<figure class=\"wp-block-image size-full\"><a href=\"https:\/\/eu.puma.com\/\" target=\"_blank\" rel=\" noreferrer noopener\"><img loading=\"lazy\" decoding=\"async\" width=\"1080\" height=\"1080\" data-id=\"471\" src=\"https:\/\/www.r-fest.cz\/wp-content\/uploads\/2025\/01\/6.png\" alt=\"Puma\" class=\"wp-image-471\" srcset=\"https:\/\/www.r-fest.cz\/wp-content\/uploads\/2025\/01\/6.png 1080w, https:\/\/www.r-fest.cz\/wp-content\/uploads\/2025\/01\/6-300x300.png 300w, https:\/\/www.r-fest.cz\/wp-content\/uploads\/2025\/01\/6-1024x1024.png 1024w, https:\/\/www.r-fest.cz\/wp-content\/uploads\/2025\/01\/6-150x150.png 150w, https:\/\/www.r-fest.cz\/wp-content\/uploads\/2025\/01\/6-768x768.png 768w, https:\/\/www.r-fest.cz\/wp-content\/uploads\/2025\/01\/6-600x600.png 600w, https:\/\/www.r-fest.cz\/wp-content\/uploads\/2025\/01\/6-100x100.png 100w\" sizes=\"auto, (max-width: 1080px) 100vw, 1080px\" \/><\/a><\/figure>\n\n<figure class=\"wp-block-image size-large\"><a href=\"https:\/\/www.hudy.cz\/\" target=\"_blank\" rel=\" noreferrer noopener\"><img loading=\"lazy\" decoding=\"async\" width=\"1024\" height=\"1024\" data-id=\"470\" src=\"https:\/\/www.r-fest.cz\/wp-content\/uploads\/2025\/01\/5-1024x1024.png\" alt=\"Hudy\" class=\"wp-image-470\" srcset=\"https:\/\/www.r-fest.cz\/wp-content\/uploads\/2025\/01\/5-1024x1024.png 1024w, https:\/\/www.r-fest.cz\/wp-content\/uploads\/2025\/01\/5-300x300.png 300w, https:\/\/www.r-fest.cz\/wp-content\/uploads\/2025\/01\/5-150x150.png 150w, https:\/\/www.r-fest.cz\/wp-content\/uploads\/2025\/01\/5-768x768.png 768w, https:\/\/www.r-fest.cz\/wp-content\/uploads\/2025\/01\/5-600x600.png 600w, https:\/\/www.r-fest.cz\/wp-content\/uploads\/2025\/01\/5-100x100.png 100w, https:\/\/www.r-fest.cz\/wp-content\/uploads\/2025\/01\/5.png 1080w\" sizes=\"auto, (max-width: 1024px) 100vw, 1024px\" \/><\/a><\/figure>\n\n<figure class=\"wp-block-image size-full\"><a href=\"https:\/\/koloritbistro.cz\" target=\"_blank\" rel=\" noreferrer noopener\"><img loading=\"lazy\" decoding=\"async\" width=\"1080\" height=\"1080\" data-id=\"468\" src=\"https:\/\/www.r-fest.cz\/wp-content\/uploads\/2025\/01\/3-1.png\" alt=\"Kolorit bistro\" class=\"wp-image-468\" srcset=\"https:\/\/www.r-fest.cz\/wp-content\/uploads\/2025\/01\/3-1.png 1080w, https:\/\/www.r-fest.cz\/wp-content\/uploads\/2025\/01\/3-1-300x300.png 300w, https:\/\/www.r-fest.cz\/wp-content\/uploads\/2025\/01\/3-1-1024x1024.png 1024w, https:\/\/www.r-fest.cz\/wp-content\/uploads\/2025\/01\/3-1-150x150.png 150w, https:\/\/www.r-fest.cz\/wp-content\/uploads\/2025\/01\/3-1-768x768.png 768w, https:\/\/www.r-fest.cz\/wp-content\/uploads\/2025\/01\/3-1-600x600.png 600w, https:\/\/www.r-fest.cz\/wp-content\/uploads\/2025\/01\/3-1-100x100.png 100w\" sizes=\"auto, (max-width: 1080px) 100vw, 1080px\" \/><\/a><\/figure>\n\n<figure class=\"wp-block-image size-large\"><a href=\"https:\/\/kliny.cz\" target=\"_blank\"><img loading=\"lazy\" decoding=\"async\" width=\"1024\" height=\"1024\" data-id=\"466\" src=\"https:\/\/www.r-fest.cz\/wp-content\/uploads\/2025\/01\/1-1024x1024.png\" alt=\"Kl\u00edny\" class=\"wp-image-466\" srcset=\"https:\/\/www.r-fest.cz\/wp-content\/uploads\/2025\/01\/1-1024x1024.png 1024w, https:\/\/www.r-fest.cz\/wp-content\/uploads\/2025\/01\/1-300x300.png 300w, https:\/\/www.r-fest.cz\/wp-content\/uploads\/2025\/01\/1-150x150.png 150w, https:\/\/www.r-fest.cz\/wp-content\/uploads\/2025\/01\/1-768x768.png 768w, https:\/\/www.r-fest.cz\/wp-content\/uploads\/2025\/01\/1-600x600.png 600w, https:\/\/www.r-fest.cz\/wp-content\/uploads\/2025\/01\/1-100x100.png 100w, https:\/\/www.r-fest.cz\/wp-content\/uploads\/2025\/01\/1.png 1080w\" sizes=\"auto, (max-width: 1024px) 100vw, 1024px\" \/><\/a><\/figure>\n\n<figure class=\"wp-block-image size-large\"><a href=\"https:\/\/mojemisto.cafe\" target=\"_blank\" rel=\" noreferrer noopener\"><img loading=\"lazy\" decoding=\"async\" width=\"1024\" height=\"1024\" data-id=\"473\" src=\"https:\/\/www.r-fest.cz\/wp-content\/uploads\/2025\/01\/8-1024x1024.png\" alt=\"Bistro Moje M\u00edsto\" class=\"wp-image-473\" srcset=\"https:\/\/www.r-fest.cz\/wp-content\/uploads\/2025\/01\/8-1024x1024.png 1024w, https:\/\/www.r-fest.cz\/wp-content\/uploads\/2025\/01\/8-300x300.png 300w, https:\/\/www.r-fest.cz\/wp-content\/uploads\/2025\/01\/8-150x150.png 150w, https:\/\/www.r-fest.cz\/wp-content\/uploads\/2025\/01\/8-768x768.png 768w, https:\/\/www.r-fest.cz\/wp-content\/uploads\/2025\/01\/8-600x600.png 600w, https:\/\/www.r-fest.cz\/wp-content\/uploads\/2025\/01\/8-100x100.png 100w, https:\/\/www.r-fest.cz\/wp-content\/uploads\/2025\/01\/8.png 1080w\" sizes=\"auto, (max-width: 1024px) 100vw, 1024px\" \/><\/a><\/figure>\n\n<figure class=\"wp-block-image size-full\"><a href=\"https:\/\/www.dewalt.cz\" target=\"_blank\" rel=\" noreferrer noopener\"><img loading=\"lazy\" decoding=\"async\" width=\"1080\" height=\"1080\" data-id=\"474\" src=\"https:\/\/www.r-fest.cz\/wp-content\/uploads\/2025\/01\/9.png\" alt=\"Dewalt\" class=\"wp-image-474\" srcset=\"https:\/\/www.r-fest.cz\/wp-content\/uploads\/2025\/01\/9.png 1080w, https:\/\/www.r-fest.cz\/wp-content\/uploads\/2025\/01\/9-300x300.png 300w, https:\/\/www.r-fest.cz\/wp-content\/uploads\/2025\/01\/9-1024x1024.png 1024w, https:\/\/www.r-fest.cz\/wp-content\/uploads\/2025\/01\/9-150x150.png 150w, https:\/\/www.r-fest.cz\/wp-content\/uploads\/2025\/01\/9-768x768.png 768w, https:\/\/www.r-fest.cz\/wp-content\/uploads\/2025\/01\/9-600x600.png 600w, https:\/\/www.r-fest.cz\/wp-content\/uploads\/2025\/01\/9-100x100.png 100w\" sizes=\"auto, (max-width: 1080px) 100vw, 1080px\" \/><\/a><\/figure><\/figure><\/div><p><\/p>","protected":false},"excerpt":{"rendered":"<p>Partne\u0159i akce Bez na\u0161ich partner\u016f bychom to nebyli my! Poj\u010fte se pod\u00edvat, kdo d\u011bl\u00e1 R-fest p\u0159esn\u011b takovou akc\u00ed, jak\u00e1 je!<\/p>\n","protected":false},"author":2,"featured_media":0,"parent":0,"menu_order":0,"comment_status":"closed","ping_status":"closed","template":"","meta":{"footnotes":""},"class_list":["post-86","page","type-page","status-publish","hentry"],"_links":{"self":[{"href":"https:\/\/www.r-fest.cz\/index.php\/wp-json\/wp\/v2\/pages\/86","targetHints":{"allow":["GET"]}}],"collection":[{"href":"https:\/\/www.r-fest.cz\/index.php\/wp-json\/wp\/v2\/pages"}],"about":[{"href":"https:\/\/www.r-fest.cz\/index.php\/wp-json\/wp\/v2\/types\/page"}],"author":[{"embeddable":true,"href":"https:\/\/www.r-fest.cz\/index.php\/wp-json\/wp\/v2\/users\/2"}],"replies":[{"embeddable":true,"href":"https:\/\/www.r-fest.cz\/index.php\/wp-json\/wp\/v2\/comments?post=86"}],"version-history":[{"count":26,"href":"https:\/\/www.r-fest.cz\/index.php\/wp-json\/wp\/v2\/pages\/86\/revisions"}],"predecessor-version":[{"id":501,"href":"https:\/\/www.r-fest.cz\/index.php\/wp-json\/wp\/v2\/pages\/86\/revisions\/501"}],"wp:attachment":[{"href":"https:\/\/www.r-fest.cz\/index.php\/wp-json\/wp\/v2\/media?parent=86"}],"curies":[{"name":"wp","href":"https:\/\/api.w.org\/{rel}","templated":true}]}}